ten thousands digit of 58737?
5
What is the thousands digit of 65363?
5
What is the hundreds digit of 704082?
0
What is the tens digit of 203520?
2
What is the tens digit of 5204295?
9
What is the units digit of 238746?
6
What is the thousands digit of 199834?
9
What is the millions digit of 4088570?
4
What is the hundred thousands digit of 13371299?
3
What is the millions digit of 11108571?
1
What is the hundred thousands digit of 549332?
5
What is the thousands digit of 145353?
5
What is the hundred thousands digit of 3222644?
2
What is the ten thousands digit of 1046250?
4
What is the hundred thousands digit of 284010?
2
What is the ten thousands digit of 338567?
3
What is the units digit of 170749?
9
What is the ten thousands digit of 223355?
2
What is the tens digit of 622539?
3
What is the thousands digit of 13507272?
7
What is the units digit of 15243492?
2
What is the units digit of 396833?
3
What is the ten millions digit of 13678844?
1
What is the ten thousands digit of 2140621?
4
What is the thousands digit of 886386?
6
What is the units digit of 279310?
0
What is the hundred thousands digit of 292264?
2
What is the ten thousands digit of 246250?
4
What is the hundred thousands digit of 1516029?
5
What is the ten thousands digit of 607512?
0
What is the ten thousands digit of 193492?
9
What is the tens digit of 205543?
4
What is the thousands digit of 123242?
3
What is the units digit of 735622?
2
What is the ten thousands digit of 435500?
3
What is the millions digit of 2245961?
2
What is the hundreds digit of 434269?
2
What is the units digit of 677727?
7
What is the tens digit of 6460077?
7
What is the hundred thousands digit of 16555066?
5
What is the thousands digit of 7245691?
5
What is the hundreds digit of 508555?
5
What is the thousands digit of 10585578?
5
What is the units digit of 268085?
5
What is the hundred thousands digit of 2918242?
9
What is the thousands digit of 60127?
0
What is the ten thousands digit of 1193886?
9
What is the hundreds digit of 167641?
6
What is the hundreds digit of 6941691?
6
What is the units digit of 156883?
3
What is the tens digit of 1096998?
9
What is the hundred thousands digit of 1646535?
6
What is the hundreds digit of 323954?
9
What is the units digit of 11629457?
7
What is the hundreds digit of 75596?
5
What is the thousands digit of 1456063?
6
What is the ten thousands digit of 25693046?
9
What is the tens digit of 595086?
8
What is the units digit of 3736060?
0
What is the thousands digit of 715941?
5
What is the ten thousands digit of 1922206?
2
What is the ten thousands digit of 1505362?
0
What is the hundreds digit of 281823?
8
What is the thousands digit of 1973634?
3
What is the hundreds digit of 28269066?
0
What is the tens digit of 14754018?
1
What is the hundred thousands digit of 414410?
4
What is the tens digit of 527982?
8
What is the hundreds digit of 190186?
1
What is the ten thousands digit of 92742?
9
What is the units digit of 5180301?
1
What is the millions digit of 3181775?
3
What is the ten thousands digit of 26783035?
8
What is the ten thousands digit of 392356?
9
What is the hundreds digit of 2088229?
2
What is the millions digit of 7298864?
7
What is the tens digit of 245250?
5
What is the tens digit of 709728?
2
What is the tens digit of 375882?
8
What is the tens digit of 3729324?
2
What is the tens digit of 4424345?
4
What is the millions digit of 3936044?
3
What is the units digit of 6875?
5
What is the millions digit of 20645931?
0
What is the hundred thousands digit of 6667763?
6
What is the tens digit of 2690334?
3
What is the hundreds digit of 11707672?
6
What is the units digit of 180621?
1
What is the hundred thousands digit of 815101?
8
What is the hundreds digit of 663272?
2
What is the millions digit of 1718008?
1
What is the millions digit of 6928298?
6
What is the hundred thousands digit of 510774?
5
What is the hundred thousands digit of 1415076?
4
What is the ten thousands digit of 1144505?
4
What is the tens digit of 257397?
9
What is the units digit of 166742?
2
What is the units digit of 110428?
8
What is the millions digit of 2003192?
2
What is the hundreds digit of 326566?
5
What is the ten thousands digit of 5457122?
5
What is the units digit of 1882919?
9
What is the hundred thousands digit of 226497?
2
What is the millions digit of 4236902?
4
What is the units digit of 116953?
3
What is the ten thousands digit of 517140?
1
What is the hundreds digit of 2743264?
2
What is the millions digit of 7733502?
7
What is the tens digit of 138539?
3
What is the tens digit of 1205597?
9
What is the tens digit of 4720518?
1
What is the ten thousands digit of 323190?
2
What is the ten thousands digit of 385519?
8
What is the hundreds digit of 703460?
4
What is the ten thousands digit of 1049654?
4
What is the tens digit of 632555?
5
What is the tens digit of 7146594?
9
What is the ten thousands digit of 9137726?
3
What is the units digit of 343077?
7
What is the millions digit of 1814728?
1
What is the hundred thousands digit of 821263?
8
What is the hundreds digit of 4244267?
2
What is the hundreds digit of 231578?
5
What is the hundreds digit of 254164?
1
What is the tens digit of 320093?
9
What is the ten thousands digit of 112816?
1
What is the thousands digit of 6355?
6
What is the ten thousands digit of 24799421?
9
What is the hundreds digit of 437453?
4
What is the hundreds digit of 1426494?
4
What is the thousands digit of 28446?
8
What is the hundreds digit of 462509?
5
What is the tens digit of 1696546?
4
What is the hundred thousands digit of 3831984?
8
What is the ten thousands digit of 208567?
0
What is the units digit of 68633?
3
What is the units digit of 5389806?
6
What is the tens digit of 1488675?
7
What is the hundreds digit of 364909?
9
What is the units digit of 14152544?
4
What is the thousands digit of 420445?
0
What is the thousands digit of 358279?
8
What is the tens digit of 1383473?
7
What is the thousands digit of 6284631?
4
What is the tens digit of 12899983?
8
What is the units digit of 1052959?
9
What is the units digit of 548331?
1
What is the units digit of 522731?
1
What is the hundreds digit of 1679837?
8
What is the units digit of 2261788?
8
What is the hundreds digit of 87924?
9
What is the millions digit of 7584787?
7
What is the thousands digit of 2509987?
9
What is the millions digit of 34873249?
4
What is the hundreds digit of 4572863?
8
What is the thousands digit of 114665?
4
What is the thousands digit of 980190?
0
What is the ten thousands digit of 329454?
2
What is the ten thousands digit of 21621614?
2
What is the thousands digit of 145526?
5
What is the units digit of 864307?
7
What is the hundred thousands digit of 13950536?
9
What is the units digit of 230525?
5
What is the hundred thousands digit of 3907947?
9
What is the hundred thousands digit of 560424?
5
What is the thousands digit of 13664144?
4
What is the hundred thousands digit of 123165?
1
What is the hundreds digit of 730136?
1
What is the units digit of 50241?
1
What is the ten thousands digit of 1486142?
8
What is the hundred thousands digit of 4914946?
9
What is the units digit of 86712?
2
What is the hundreds digit of 2855710?
7
What is the tens digit of 274020?
2
What is the hundred thousands digit of 871764?
8
What is the hundreds digit of 11530238?
2
What is the hundreds digit of 1476022?
0
What is the tens digit of 684383?
8
What is the tens digit of 91880?
8
What is the ten millions digit of 15276456?
1
What is the units digit of 362452?
2
What is the tens digit of 215720?
2
What is the millions digit of 13216766?
3
What is the units digit of 581577?
7
What is the hundreds digit of 18866372?
3
What is the hundred thousands digit of 212810?
2
What is the ten thousands digit of 7530826?
3
What is the tens digit of 8620832?
3
What is the tens digit of 314952?
5
What is the hundreds digit of 5564639?
6
What is the millions digit of 9492725?
9
What is the ten thousands digit of 947447?
4
What is the units digit of 1971662?
2
What is the thousands digit of 1702337?
2
What is the thousands digit of 6275118?
5
What is the hundred thousands digit of 218013?
2
What is the thousands digit of 28370?
8
What is the millions digit of 122312